 be -3*-2*(-1)/(-6). Suppose 1 = s - 2*s + c, d = -4*s + c. Suppose q + q - 102 = s. Is q composite?
True
Let o(s) = -s + 3085. Is o(0) prime?
False
Suppose 0*p + 5*p = 0. Let o = 23 + p. Is o a prime number?
True
Suppose 5*a + v - 2*v - 23 = 0, -5*v = 3*a - 25. Suppose -5*q - 2*p + 2053 = 0, -3*q - a*p = 555 - 1802. Is q composite?
False
Let c be (-4)/3*210/4. Suppose -3*k + 631 = -68. Let g = k + c. Is g composite?
False
Is 3 + 1*1218/3 prime?
True
Let p = -37 - -83. Suppose 2*q = -4*w + p, 0*w - 70 = -2*q + 2*w. Is q a composite number?
False
Let m(t) = 3*t + 1. Let x be m(-2). Let h(y) = -7*y - 7. Let b be h(x). Is 5355/b + 2/(-8) a prime number?
True
Let n = -1646 - -2347. Is n a composite number?
False
Let p be 25 - -2*(-1)/(-2). Suppose 2*q = 4*q + p. Is 9/(-15)*(q + -2) prime?
False
Let x = 162 - 49. Is x a prime number?
True
Let k = -38 - -457. Is k a composite number?
False
Let n = 196 - 76. Suppose -3*h - 115 = -2*f, -4*f - 3*h + n + 83 = 0. Is f composite?
False
Let t be 2 - (1 - 3 - 1672). Is (-4 + 5)/(4/t) prime?
True
Let t be (-4)/(-1) - (-4 - -5). Suppose 0 = t*a - 46 - 113. Is a a composite number?
False
Let z = -14 + 7. Let c = z - -9. Is c a prime number?
True
Let a(l) = -3*l**2 - 1 + 2*l**2 + 5*l + 4. Let i be a(-5). Let z = i + 116. Is z composite?
True
Suppose -3 = 2*c + 1. Is 3/6*-329*c a prime number?
False
Let n(m) = m**2 - m - 4. Let x be n(3). Suppose -84 = x*r + 126. Is 1/(-2 - 213/r) composite?
True
Let m be (-9)/((-3)/(-1 - -4)). Let n be (-1)/(-1 - (-12)/m). Let x(u) = -4*u - 2. Is x(n) prime?
False
Let j = 1160 + -751. Is j a prime number?
True
Let c be (0/(-2))/(2 - 1). Suppose -3*z = -c*z - 345. Is z prime?
False
Let z be (-4)/(-2) - (-80 + -1). Is z/4 + (-1)/(-4) prime?
False
Let q = -22 + 37. Suppose 20*b - q*b = 1095. Is b prime?
False
Suppose 75 = -2*k + 7*k. Let y = k + -6. Is y prime?
False
Suppose -3*q + 1345 = 3*l - 7*l, -3*q + 3*l = -1344. Is q composite?
True
Suppose -2*b + 4 = -3*w, 23 = 4*b + 4*w - 5. Let c(h) = -6 - 4 + 12*h + 3. Is c(b) a prime number?
True
Suppose 0 = -4*u + 4*n + 20, -4*n + 58 - 15 = 3*u. Let p = 85 + u. Is p a prime number?
False
Let h(y) = 5*y**3 + 2*y - 7. Is h(3) composite?
True
Let y = -110 + 269. Is y prime?
False
Suppose 0 = -d + 3*d. Let g = d + 2. Is 4/g - (-26)/2 a composite number?
True
Let z(s) = -15*s**3 - s**2 + 3*s - 1. Is z(-2) composite?
False
Let j be (-2870)/(-15) + 2/(-6). Let x = j + -279. Is 0 + 1 + 0 - x a composite number?
False
Suppose -3*u - u = 2*s - 694, 5*u - 4*s = 835. Suppose -7*j - u = -430. Is j composite?
False
Let r be 114/27 - (-4)/(-18). Let l be 0/(-3) + -1 + r. Suppose 0 = a - l*a - 2*o + 118, -59 = -a - 2*o. Is a a composite number?
False
Let p(f) = -1275*f**2 + f - 1. Suppose 3 = 3*i - 0. Let b be p(i). Is (-2)/9 + b/(-27) a prime number?
True
Let m be (2 - 0)/(3/(-12)). Let n(g) be the third derivative of -g**4/12 - g**3/2 + g**2. Is n(m) prime?
True
Let a(l) = 396*l**3 + l**2 - l + 1. Is a(1) a prime number?
True
Suppose 2*q + 10 = 34. Let x be 2/3 - q/(-9). Suppose x = -5*u + 97. Is u composite?
False
Is ((-28)/(-4))/((-4)/(-332)) prime?
False
Suppose -7*x + 9*x = 618. Let b be x/(-15) - 3/(-5). Is b/8*(-37 - 1) prime?
False
Let m be (2 - -2)/(-2) - 61. Let b be 34/9 - 14/m. Is (254/b)/((-1)/(-2)) a composite number?
False
Suppose 1784 = 4*s - 4*k, 39 = 2*s - 5*k - 838. Is s a prime number?
False
Suppose 624 = 2*m - 2*b, m = -m + 3*b + 629. Is m a composite number?
False
Suppose -3*x = -3*q + q - 1181, -4*q - 1171 = -3*x. Is x prime?
True
Let y(b) = b**2 - 5*b + 6. Let c be y(4). Suppose 5*s = c*s. Suppose s*d - d - j = -28, -4*d - 5*j = -109. Is d composite?
False
Let o(c) = 89*c**2 + 3*c + 3. Is o(-2) prime?
True
Is 3026/4*(-10 + 12) composite?
True
Let z(j) = -9*j**2 - j + 11. Let d(l) = 9*l**2 + 2*l - 10. Let m(r) = 6*d(r) + 5*z(r). Is m(-5) a prime number?
False
Let n = 37 + 981. Let r = n - 609. Is r a composite number?
False
Let l(u) = -u**2 - 3*u + 13. Let y be l(-11). Let r = 236 + y. Suppose 3*f = 2*f + r. Is f prime?
False
Let v = 33 + 36. Is v prime?
False
Let l = 2075 - 874. Is l a composite number?
False
Suppose 0 = 2*i + 2 - 10. Suppose i*n + 550 = 5*q, 5*q = 3*n + 404 + 11. Let r = n + 212. Is r a composite number?
True
Let p = -13 + 12. Let a(w) = 10*w**2 - w - 1. Is a(p) a composite number?
True
Is (((-48)/18)/4)/((-6)/25533) a composite number?
False
Let m = -7 - -156. Is m prime?
True
Let f(o) = o**3 - 4*o**2 + 4*o + 24. Is f(7) composite?
False
Let w = 20 + -13. Let t(g) = 8*g + 2. Is t(w) a prime number?
False
Let h(o) be the second derivative of -o**5/20 + o**4/2 - o**3/3 - o**2 - 2*o. Suppose 6 = 3*d - 2*b, 2*d - 5*b + 7 = -0*b. Is h(d) prime?
False
Let r = -3 - -8. Suppose -19 = -4*c + 3*h, 5*c + 5*h - 10 - 5 = 0. Suppose -242 = -r*q + 3*p, -3*p - p = -c. Is q prime?
False
Suppose -4*l + 25 = -2*r + 5*r, 0 = -r - 4*l + 19. Let j = 33 - 29. Suppose 0*s + j*z = s - 2, 0 = r*s - 5*z - 13. Is s a composite number?
True
Is 36/48 - 16801/(-4) prime?
True
Let q(f) = 6*f**3 - f**2 + 3*f - 1. Let r be 2/(-6) + 64/12. Let v = r - 3. Is q(v) composite?
True
Let x(c) = -5*c**3 - 6*c**2 + 9*c - 14. Let p(j) = -9*j**3 - 12*j**2 + 18*j - 27. Let o(k) = 6*p(k) - 11*x(k). Is o(6) composite?
True
Let c be (-2 - (-5 - -1))*23. Suppose -o = a - c, -4*a + 66 + 88 = -2*o. Let m = a - 28. Is m a composite number?
False
Let w(c) be the third derivative of -9*c**4/8 + c**3 + c**2. Let k be w(-6). Suppose -k = -4*o + 140. Is o a composite number?
True
Let d(l) = 12*l**2 - 15*l - 2. Is d(11) a prime number?
False
Let h be (-3 - -3) + 34/2. Suppose 2*l + h = 4*y - y, 0 = 5*y + 2*l - 23. Suppose y*x - 2 - 49 = -3*m, 5*m - 5*x - 125 = 0. Is m a composite number?
True
Suppose -3*s = 372 - 2241. Is s composite?
True
Let n be -435 - (-2 + -1 - 0). Is 4/10 + n/(-20) a prime number?
False
Let b = 200 + -320. Let m = 83 + b. Is m*3/(3/(-1)) composite?
False
Suppose 0 = -3*w - 4*r + 484 - 115, -w + 3*r + 136 = 0. Is w prime?
True
Suppose 0*l = -3*l + 24. Is (0 + (-158)/l)*-4 composite?
False
Let r(f) = -6*f + 2. Suppose -4 - 5 = 3*u + 3*p, p - 5 = 3*u. Is r(u) a composite number?
True
Suppose 0 = -y - 3*y - 20, 5*d + 5*y - 9720 = 0. Is d a prime number?
True
Suppose -d - 9 = -4*q, 3*q - d = 5*q - 3. Suppose q*w + 3*p = 6*w - 12, 0 = -4*p. Suppose 0*b = -4*h - b + 126, -w*h + 4*b = -85. Is h composite?
False
Let u(x) = -2*x - 3. Let y be u(-4). Suppose -4*k = -5*b, -2*b = y*k - b. Suppose d - z + 8 - 50 = k, 3*z - 22 = -d. Is d prime?
True
Let z = -1 + 0. Let l = z + 0. Is (-294)/(-8) - l/4 prime?
True
Let q(m) be the second derivative of -m**5/20 + 3*m**4/4 - m**3 - 7*m**2/2 - m. Is q(6) a composite number?
True
Let u = 2 - -3. Suppose -u*k + 993 = -62. Is k a composite number?
False
Suppose -6*b + b + 5279 = 3*j, 2*j + 5289 = 5*b. Is b a composite number?
True
Suppose -m - 3*m + 22 = k, -5*k + 30 = 4*m. Suppose 0*a + 4*a = 148. Suppose 2*p - a = -3*f + k*f, p + f - 18 = 0. Is p a composite number?
False
Suppose -4*c + 18 = -14. Suppose -105 = 3*l - c*l. Is l prime?
False
Suppose 4*w + x + 497 = 6*x, -5*w + 4*x - 610 = 0. Let j = 5 - 6. Is (5/5)/(j/w) a composite number?
True
Suppose 3*g = -4*b + 42, g + 1 = -b + 15. Let z(i) = -g*i + 3 + 6 + 2. Is z(-8) prime?
False
Suppose 3 - 28 = -5*i. Suppose i*r = -5*p + 230, -r = -0*p - p - 38. Let t = 169 - r. Is t composite?
False
Suppose 0 = 5*t + 4*z - 5 - 1, -2*z + 4 = 3*t. Let r = 1 - -1. Is t*(r + 78/4) composite?
False
Let r be (-1 - -2)*1 + 30. Let f = r + 0. Is f composite?
False
Suppose -3*z - 28 - 67 = -5*j, -31 = z - 2*j. Let c = -25 - z. Suppose 4*x + c = 2*a, 2*a + 0*a = -5*x + 19. Is a composite?
False
Is (3 + (-796)/(-8))*2 composite?
True
Suppose 2*p - 5 = 7*p, -n - p + 31 = 0. Suppose 2*k + 12 = n. Is k prime?
False
Let l(o) = -4*o**3 + 2*o + 1. Let v be l(-1). Suppose -3*p = 2*z + z + v, -5*p = z - 15. Is 110/p*8/10 a prime number?
False
Let d = -1243 + 2049. Let p = d + -428. Suppose 4*i - 2*l = p, 0 = -4*i - 7*l + 4*l + 403. Is i prime?
True
Suppose -3*v = -5*u + 490, 0*u + 5*v = 3*u - 310. Let c = -33 + u. Is c prime?
False
Suppose -3*f + 5*p + 12 + 42 = 0, -104 = -4*f - 4*p. Is f prime?
True
Suppose 371 = 3*u + 5*b + 139, -b = -2*u + 133. Suppose 24*y + 68 = 28*y. Suppose 4*p =